s the remainder when 1656498 is divided by 1656445?
53
Calculate the remainder when 511810 is divided by 511372.
438
Calculate the remainder when 219799248 is divided by 470.
458
Calculate the remainder when 18091063 is divided by 188.
11
Calculate the remainder when 7305152 is divided by 2435050.
2
What is the remainder when 1132322 is divided by 587?
586
What is the remainder when 111027101 is divided by 71?
70
Calculate the remainder when 363456 is divided by 689.
353
Calculate the remainder when 1243191 is divided by 5180.
5171
What is the remainder when 146330 is divided by 73153?
24
What is the remainder when 175533784 is divided by 239?
234
Calculate the remainder when 2365735 is divided by 262856.
31
Calculate the remainder when 1060636 is divided by 353545.
1
What is the remainder when 287842 is divided by 2178?
346
What is the remainder when 309114 is divided by 115?
109
What is the remainder when 74401817 is divided by 145?
142
What is the remainder when 4991224 is divided by 257?
27
Calculate the remainder when 13251285 is divided by 430.
405
What is the remainder when 1660805 is divided by 22144?
5
Calculate the remainder when 13254285 is divided by 4418095.
0
What is the remainder when 25402756 is divided by 2540274?
16
What is the remainder when 49134519 is divided by 318?
21
What is the remainder when 3332 is divided by 1055?
167
Calculate the remainder when 35088533 is divided by 2504.
2485
Calculate the remainder when 455836 is divided by 2831.
45
Calculate the remainder when 295030 is divided by 13393.
384
What is the remainder when 546478 is divided by 205?
153
Calculate the remainder when 5881 is divided by 104.
57
Calculate the remainder when 217364 is divided by 1337.
770
Calculate the remainder when 90829188 is divided by 45414594.
0
Calculate the remainder when 301353 is divided by 149.
75
Calculate the remainder when 16127 is divided by 14714.
1413
What is the remainder when 28849249 is divided by 23803?
13
Calculate the remainder when 24990106 is divided by 55.
31
Calculate the remainder when 1005411 is divided by 822.
105
What is the remainder when 136665432 is divided by 1689?
1686
Calculate the remainder when 58952356 is divided by 414.
412
Calculate the remainder when 1925844 is divided by 185.
179
Calculate the remainder when 1511827 is divided by 25.
2
Calculate the remainder when 2389876 is divided by 27.
25
Calculate the remainder when 11768767 is divided by 3922904.
55
What is the remainder when 604881 is divided by 17780?
361
Calculate the remainder when 3887410 is divided by 228670.
20
What is the remainder when 307718 is divided by 10597?
405
What is the remainder when 2229376 is divided by 63687?
331
Calculate the remainder when 1904 is divided by 132.
56
Calculate the remainder when 16818 is divided by 13833.
2985
Calculate the remainder when 1529408 is divided by 764645.
118
Calculate the remainder when 4680060 is divided by 4031.
69
What is the remainder when 676289324 is divided by 3432?
3428
Calculate the remainder when 769018 is divided by 549.
418
What is the remainder when 336605 is divided by 436?
13
Calculate the remainder when 5598270 is divided by 1866048.
126
What is the remainder when 481882 is divided by 43804?
38
What is the remainder when 1596014 is divided by 542?
366
Calculate the remainder when 937392 is divided by 83.
73
Calculate the remainder when 18432028 is divided by 177231.
4
Calculate the remainder when 479658 is divided by 10928.
9754
Calculate the remainder when 5045952 is divided by 483.
51
Calculate the remainder when 349754 is divided by 5925.
179
What is the remainder when 1000509 is divided by 37053?
78
Calculate the remainder when 8972736 is divided by 909.
906
What is the remainder when 780736 is divided by 195168?
64
Calculate the remainder when 9635394 is divided by 503.
429
Calculate the remainder when 485420 is divided by 183.
104
What is the remainder when 13157499 is divided by 37?
3
What is the remainder when 292891 is divided by 3050?
91
What is the remainder when 48046 is divided by 47161?
885
Calculate the remainder when 1848273 is divided by 4582.
1727
Calculate the remainder when 1775884 is divided by 93415.
999
Calculate the remainder when 5784748 is divided by 150.
148
What is the remainder when 336530287 is divided by 2044?
2039
Calculate the remainder when 56279063 is divided by 4359.
14
What is the remainder when 45394848 is divided by 43110?
18
Calculate the remainder when 2213529 is divided by 349.
171
What is the remainder when 5956613 is divided by 2978236?
141
What is the remainder when 184704 is divided by 206?
128
Calculate the remainder when 101726 is divided by 8469.
98
What is the remainder when 3171566 is divided by 3220?
3086
Calculate the remainder when 13646550 is divided by 3184.
3110
Calculate the remainder when 1245089 is divided by 110.
109
Calculate the remainder when 18303131 is divided by 151265.
66
Calculate the remainder when 118999 is divided by 496.
455
Calculate the remainder when 353053 is divided by 76.
33
Calculate the remainder when 74552 is divided by 37163.
226
What is the remainder when 475448 is divided by 246?
176
Calculate the remainder when 27696161 is divided by 442.
441
What is the remainder when 3167949 is divided by 1050?
99
Calculate the remainder when 1141343996 is divided by 135.
131
What is the remainder when 8608115 is divided by 1854?
1847
Calculate the remainder when 3869487 is divided by 55.
17
What is the remainder when 92723 is divided by 365?
13
Calculate the remainder when 267031 is divided by 5.
1
Calculate the remainder when 1127884 is divided by 551.
538
What is the remainder when 1416888 is divided by 118074?
0
What is the remainder when 1508707 is divided by 1893?
1879
Calculate the remainder when 4561311 is divided by 371.
237
Calculate the remainder when 710894 is divided by 6514.
868
Calculate the remainder when 116525 is divided by 2330.
25
Calculate the remainder when 227952 is divided by 184.
160
What is the remainder when 330531 is divided by 330110?
421
Calculate the remainder when 29650 is divided by 3287.
67
What is the remainder when 426176 is divided by 17044?
76
Calculate the remainder when 2461020 is divided by 37288.
12
Calculate the remainder when 77623 is divided by 1360.
103
Calculate the remainder when 22376 is divided by 1063.
53
What is the remainder when 16318796 is divided by 129514?
32
Calculate the remainder when 714229 is divided by 356998.
233
What is the remainder when 26452 is divided by 3761?
125
Calculate the remainder when 2167701 is divided by 528.
261
Calculate the remainder when 48328 is divided by 48186.
142
Calculate the remainder when 3855238 is divided by 1927619.
0
Calculate the remainder when 291113199 is divided by 246.
243
Calculate the remainder when 1196394 is divided by 607.
604
What is the remainder when 1713007 is divided by 122257?
1409
Calculate the remainder when 15085630 is divided by 10.
0
What is the remainder when 3302993 is divided by 125?
118
Calculate the remainder when 32244964 is divided by 732840.
4
What is the remainder when 28594 is divided by 11850?
4894
What is the remainder when 82400542 is divided by 71?
1
What is the remainder when 1796780 is divided by 1353?
1349
Calculate the remainder when 13180609 is divided by 1098382.
25
What is the remainder when 11754614 is divided by 3930?
3914
What is the remainder when 2658862 is divided by 3766?
66
What is the remainder when 79817099 is divided by 12?
11
What is the remainder when 170249835 is divided by 1986?
1971
What is the remainder when 76483 is divided by 6340?
403
What is the remainder when 877738 is divided by 10971?
58
Calculate the remainder when 262672 is divided by 475.
472
Calculate the remainder when 103247241 is divided by 585.
6
What is the remainder when 60890135 is divided by 1895?
1890
Calculate the remainder when 53668437 is divided by 1583.
1571
What is the remainder when 190118 is divided by 2834?
240
What is the remainder when 666297 is divided by 1167?
1107
What is the remainder when 428937245 is divided by 14?
9
Calculate the remainder when 57628485 is divided by 19.
3
What is the remainder when 194138 is divided by 1438?
8
Calculate the remainder when 